{"id":2839,"date":"2026-03-04T22:21:39","date_gmt":"2026-03-04T19:21:39","guid":{"rendered":"https:\/\/artibilgisayar.net\/dngtest\/?page_id=2839"},"modified":"2026-03-04T22:32:00","modified_gmt":"2026-03-04T19:32:00","slug":"musteri-anket-formu","status":"publish","type":"page","link":"https:\/\/artibilgisayar.net\/dngtest\/musteri-anket-formu\/","title":{"rendered":"M\u00fc\u015fteri Anket Formu"},"content":{"rendered":"<p><section id=\"bt_bb_section6a01dbf0eddc4\" class=\"bt_bb_section bt_bb_layout_boxed_1200 bt_bb_vertical_align_top bt_bb_top_spacing_large bt_bb_bottom_spacing_medium\"  data-bt-override-class=\"null\"><div class=\"bt_bb_port\"><div class=\"bt_bb_cell\"><div class=\"bt_bb_cell_inner\"><div class=\"bt_bb_row \"  data-bt-override-class=\"{}\"><div class=\"bt_bb_row_holder\" ><div  class=\"bt_bb_column col-xxl-2 col-xl-2 bt_bb_vertical_align_top bt_bb_align_left bt_bb_padding_normal\" style=\"; --column-width:2;\" data-width=\"2\" data-bt-override-class=\"{}\"><div class=\"bt_bb_column_content\"><div class=\"bt_bb_column_content_inner\"><\/div><\/div><\/div><div  class=\"bt_bb_column col-xxl-8 col-xl-8 bt_bb_vertical_align_bottom bt_bb_align_center bt_bb_padding_normal bt_bb_animation_fade_in animate\" style=\"; --column-width:8;\" data-width=\"8\" data-bt-override-class=\"{}\"><div class=\"bt_bb_column_content\"><div class=\"bt_bb_column_content_inner\"><div data-bb-version=\"5.5.7\" class=\"bt_bb_separator bt_bb_border_style_none bt_bb_top_spacing_medium bt_bb_bottom_spacing_medium\" data-bt-override-class=\"{&quot;bt_bb_top_spacing_&quot;:{&quot;current_class&quot;:&quot;bt_bb_top_spacing_medium&quot;,&quot;def&quot;:&quot;medium&quot;},&quot;bt_bb_bottom_spacing_&quot;:{&quot;current_class&quot;:&quot;bt_bb_bottom_spacing_medium&quot;,&quot;def&quot;:&quot;medium&quot;}}\"><\/div><header data-bb-version=\"5.6.7\" class=\"bt_bb_headline bt_bb_dash_top bt_bb_superheadline bt_bb_superheadline_outside bt_bb_subheadline bt_bb_size_large bt_bb_align_inherit\" data-bt-override-class=\"{&quot;bt_bb_size_&quot;:{&quot;current_class&quot;:&quot;bt_bb_size_large&quot;,&quot;def&quot;:&quot;large&quot;},&quot;bt_bb_align_&quot;:{&quot;current_class&quot;:&quot;bt_bb_align_inherit&quot;,&quot;def&quot;:&quot;inherit&quot;},&quot;bt_bb_animation_&quot;:{&quot;current_class&quot;:&quot;bt_bb_animation_no_animation&quot;,&quot;def&quot;:&quot;no_animation&quot;}}\"><div class=\"bt_bb_headline_superheadline_outside\"><span class=\"bt_bb_headline_superheadline\">M\u00fc\u015fteri Anket Formu<\/span><\/div><h2 class=\"bt_bb_headline_tag\"><span class=\"bt_bb_headline_content\"><span><b>Sizlere daha iyi hizmet sunabilmemiz i\u00e7in,<\/b><br \/><br \/>\n<u>l\u00fctfen bizimle ileti\u015fime ge\u00e7in.<\/u><\/span><\/span><\/h2><div class=\"bt_bb_headline_subheadline\">L\u00fctfen formu eksiksiz olarak doldurarak, talebinizi iletiniz. En k\u0131sa s\u00fcrede d\u00f6n\u00fc\u015f yap\u0131lacakt\u0131r.<\/div><\/header><div class=\"bt_bb_separator bt_bb_border_style_none bt_bb_bottom_spacing_medium\" data-bt-override-class=\"null\"><\/div><\/div><\/div><\/div><div  class=\"bt_bb_column col-xxl-2 col-xl-2 bt_bb_vertical_align_top bt_bb_align_left bt_bb_padding_normal\" style=\"; --column-width:2;\" data-width=\"2\" data-bt-override-class=\"{}\"><div class=\"bt_bb_column_content\"><div class=\"bt_bb_column_content_inner\"><\/div><\/div><\/div><\/div><\/div><div class=\"bt_bb_row  bt_bb_column_gap_40\" style=\"; --column-gap:40px;\" data-bt-override-class=\"{}\"><div class=\"bt_bb_row_holder\" ><div  class=\"bt_bb_column col-xxl-12 col-xl-12 col-xs-12 col-sm-12 col-md-12 col-lg-12 bt_bb_vertical_align_top bt_bb_align_left bt_bb_padding_normal bt_bb_animation_fade_in animate\" style=\"background-color:rgba(241, 241, 241, 1);; --column-width:12;\" data-width=\"12\" data-bt-override-class=\"{}\"><div class=\"bt_bb_column_content\"><div class=\"bt_bb_column_content_inner\"><div class=\"bt_bb_separator bt_bb_border_style_none bt_bb_bottom_spacing_normal\" data-bt-override-class=\"null\"><\/div><div data-bb-version=\"5.6.7\" class=\"bt_bb_contact_form_7\">\n<div class=\"wpcf7 no-js\" id=\"wpcf7-f2246-o1\" lang=\"en-US\" dir=\"ltr\" data-wpcf7-id=\"2246\">\n<div class=\"screen-reader-response\"><p role=\"status\" aria-live=\"polite\" aria-atomic=\"true\"><\/p> <ul><\/ul><\/div>\n<form action=\"\/dngtest\/wp-json\/wp\/v2\/pages\/2839#wpcf7-f2246-o1\" method=\"post\" class=\"wpcf7-form init\" aria-label=\"Contact form\" novalidate=\"novalidate\" data-status=\"init\">\n<fieldset class=\"hidden-fields-container\"><input type=\"hidden\" name=\"_wpcf7\" value=\"2246\" \/><input type=\"hidden\" name=\"_wpcf7_version\" value=\"6.1.5\" \/><input type=\"hidden\" name=\"_wpcf7_locale\" value=\"en_US\" \/><input type=\"hidden\" name=\"_wpcf7_unit_tag\" value=\"wpcf7-f2246-o1\" \/><input type=\"hidden\" name=\"_wpcf7_container_post\" value=\"0\" \/><input type=\"hidden\" name=\"_wpcf7_posted_data_hash\" value=\"\" \/><input type=\"hidden\" name=\"_wpcf7cf_hidden_group_fields\" value=\"[]\" \/><input type=\"hidden\" name=\"_wpcf7cf_hidden_groups\" value=\"[]\" \/><input type=\"hidden\" name=\"_wpcf7cf_visible_groups\" value=\"[]\" \/><input type=\"hidden\" name=\"_wpcf7cf_repeaters\" value=\"[]\" \/><input type=\"hidden\" name=\"_wpcf7cf_steps\" value=\"{}\" \/><input type=\"hidden\" name=\"_wpcf7cf_options\" value=\"{&quot;form_id&quot;:2246,&quot;conditions&quot;:[],&quot;settings&quot;:{&quot;animation&quot;:&quot;yes&quot;,&quot;animation_intime&quot;:200,&quot;animation_outtime&quot;:200,&quot;conditions_ui&quot;:&quot;normal&quot;,&quot;notice_dismissed&quot;:false}}\" \/>\n<\/fieldset>\n<p><label> Tesis Ad\u0131*<br \/>\n<span class=\"wpcf7-form-control-wrap\" data-name=\"tesis-adi\"><input size=\"40\" maxlength=\"400\" class=\"wpcf7-form-control wpcf7-text wpcf7-validates-as-required\" aria-required=\"true\" aria-invalid=\"false\" value=\"\" type=\"text\" name=\"tesis-adi\" \/><\/span> <\/label>\n<\/p>\n<p><label> Tesis Yetkilisi\/G\u00f6revi*<br \/>\n<span class=\"wpcf7-form-control-wrap\" data-name=\"tesis-yetkili\"><input size=\"40\" maxlength=\"400\" class=\"wpcf7-form-control wpcf7-text wpcf7-validates-as-required\" aria-required=\"true\" aria-invalid=\"false\" value=\"\" type=\"text\" name=\"tesis-yetkili\" \/><\/span> <\/label>\n<\/p>\n<p><label> Telefon*<br \/>\n<span class=\"wpcf7-form-control-wrap\" data-name=\"telefon-no\"><input size=\"40\" maxlength=\"400\" class=\"wpcf7-form-control wpcf7-tel wpcf7-validates-as-required wpcf7-text wpcf7-validates-as-tel\" aria-required=\"true\" aria-invalid=\"false\" value=\"\" type=\"tel\" name=\"telefon-no\" \/><\/span> <\/label>\n<\/p>\n<p><label> Email*<br \/>\n<span class=\"wpcf7-form-control-wrap\" data-name=\"email\"><input size=\"40\" maxlength=\"400\" class=\"wpcf7-form-control wpcf7-email wpcf7-validates-as-required wpcf7-text wpcf7-validates-as-email\" aria-required=\"true\" aria-invalid=\"false\" value=\"\" type=\"email\" name=\"email\" \/><\/span> <\/label>\n<\/p>\n<p><label> Adres<br \/>\n<span class=\"wpcf7-form-control-wrap\" data-name=\"adres\"><textarea cols=\"40\" rows=\"10\" maxlength=\"2000\" class=\"wpcf7-form-control wpcf7-textarea\" aria-invalid=\"false\" name=\"adres\"><\/textarea><\/span> <\/label>\n<\/p>\n<h6 style=\"color:#e26d09\">\u0130LET\u0130\u015e\u0130M\n<\/h6>\n<p><label> \u015eirkete Kolay Ula\u015fabilme*<br \/>\n<span class=\"wpcf7-form-control-wrap\" data-name=\"sirkete-kolay-ulasabilme\"><select class=\"wpcf7-form-control wpcf7-select wpcf7-validates-as-required\" aria-required=\"true\" aria-invalid=\"false\" name=\"sirkete-kolay-ulasabilme\"><option value=\"\">Puanlama Se\u00e7in<\/option><option value=\"0 - 20\">0 - 20<\/option><option value=\"20 - 40\">20 - 40<\/option><option value=\"40 - 60\">40 - 60<\/option><option value=\"60 - 80\">60 - 80<\/option><option value=\"80 - 100\">80 - 100<\/option><\/select><\/span><br \/>\n<\/label><label> Personelin Yakla\u015f\u0131m\u0131*<br \/>\n<span class=\"wpcf7-form-control-wrap\" data-name=\"personel-yaklasim\"><select class=\"wpcf7-form-control wpcf7-select wpcf7-validates-as-required\" aria-required=\"true\" aria-invalid=\"false\" name=\"personel-yaklasim\"><option value=\"\">Puanlama Se\u00e7in<\/option><option value=\"0 - 20\">0 - 20<\/option><option value=\"20 - 40\">20 - 40<\/option><option value=\"40 - 60\">40 - 60<\/option><option value=\"60 - 80\">60 - 80<\/option><option value=\"80 - 100\">80 - 100<\/option><\/select><\/span><br \/>\n<\/label><label> Hizmetlerimiz \u0130le \u0130lgili Bilgilendirme*<br \/>\n<span class=\"wpcf7-form-control-wrap\" data-name=\"hizmet-bilgilendirme\"><select class=\"wpcf7-form-control wpcf7-select wpcf7-validates-as-required\" aria-required=\"true\" aria-invalid=\"false\" name=\"hizmet-bilgilendirme\"><option value=\"\">Puanlama Se\u00e7in<\/option><option value=\"0 - 20\">0 - 20<\/option><option value=\"20 - 40\">20 - 40<\/option><option value=\"40 - 60\">40 - 60<\/option><option value=\"60 - 80\">60 - 80<\/option><option value=\"80 - 100\">80 - 100<\/option><\/select><\/span><br \/>\n<\/label>\n<\/p>\n<table>\n\t<tr>\n\t\t<td>\n\t\t\t<h6 style=\"color:#e26d09\">TEKL\u0130F\n\t\t\t<\/h6>\n\t\t\t<p><label> Talebinizin Teklif Olarak Geri D\u00f6n\u00fc\u015f S\u00fcresi*<br \/>\n<span class=\"wpcf7-form-control-wrap\" data-name=\"geri-donus-suresi\"><select class=\"wpcf7-form-control wpcf7-select wpcf7-validates-as-required\" aria-required=\"true\" aria-invalid=\"false\" name=\"geri-donus-suresi\"><option value=\"\">Puanlama Se\u00e7in<\/option><option value=\"0 - 20\">0 - 20<\/option><option value=\"20 - 40\">20 - 40<\/option><option value=\"40 - 60\">40 - 60<\/option><option value=\"60 - 80\">60 - 80<\/option><option value=\"80 - 100\">80 - 100<\/option><\/select><\/span><br \/>\n<\/label><label> Teklif \u0130\u00e7eri\u011finin Yeterlili\u011fi*<br \/>\n<span class=\"wpcf7-form-control-wrap\" data-name=\"teklif-yeterliligi\"><select class=\"wpcf7-form-control wpcf7-select wpcf7-validates-as-required\" aria-required=\"true\" aria-invalid=\"false\" name=\"teklif-yeterliligi\"><option value=\"\">Puanlama Se\u00e7in<\/option><option value=\"0 - 20\">0 - 20<\/option><option value=\"20 - 40\">20 - 40<\/option><option value=\"40 - 60\">40 - 60<\/option><option value=\"60 - 80\">60 - 80<\/option><option value=\"80 - 100\">80 - 100<\/option><\/select><\/span><br \/>\n<\/label>\n\t\t\t<\/p>\n\t\t<\/td>\n\t\t<td>\n\t\t\t<h6 style=\"color:#e26d09\">\u00d6L\u00c7\u00dcM\n\t\t\t<\/h6>\n\t\t\t<p><label> \u00d6l\u00e7\u00fcm Plan\u0131na Uygunluk*<br \/>\n<span class=\"wpcf7-form-control-wrap\" data-name=\"olcum-plan-uygunluk\"><select class=\"wpcf7-form-control wpcf7-select wpcf7-validates-as-required\" aria-required=\"true\" aria-invalid=\"false\" name=\"olcum-plan-uygunluk\"><option value=\"\">Puanlama Se\u00e7in<\/option><option value=\"0 - 20\">0 - 20<\/option><option value=\"20 - 40\">20 - 40<\/option><option value=\"40 - 60\">40 - 60<\/option><option value=\"60 - 80\">60 - 80<\/option><option value=\"80 - 100\">80 - 100<\/option><\/select><\/span><br \/>\n<\/label><label> \u00d6l\u00e7\u00fcm Personelinin Yeterlili\u011fi Ve Problem \u00c7\u00f6zme Becerisi*<br \/>\n<span class=\"wpcf7-form-control-wrap\" data-name=\"olcum-personel-yeterlilik\"><select class=\"wpcf7-form-control wpcf7-select wpcf7-validates-as-required\" aria-required=\"true\" aria-invalid=\"false\" name=\"olcum-personel-yeterlilik\"><option value=\"\">Puanlama Se\u00e7in<\/option><option value=\"0 - 20\">0 - 20<\/option><option value=\"20 - 40\">20 - 40<\/option><option value=\"40 - 60\">40 - 60<\/option><option value=\"60 - 80\">60 - 80<\/option><option value=\"80 - 100\">80 - 100<\/option><\/select><\/span><br \/>\n<\/label>\n\t\t\t<\/p>\n\t\t<\/td>\n\t\t<td>\n\t\t\t<h6 style=\"color:#e26d09\">RAPORLAMA\n\t\t\t<\/h6>\n\t\t\t<p><label> Raporlar\u0131n Belirlenen Zamanda Size Ula\u015fma Durumu*<br \/>\n<span class=\"wpcf7-form-control-wrap\" data-name=\"rapor-ulasma-durum\"><select class=\"wpcf7-form-control wpcf7-select wpcf7-validates-as-required\" aria-required=\"true\" aria-invalid=\"false\" name=\"rapor-ulasma-durum\"><option value=\"\">Puanlama Se\u00e7in<\/option><option value=\"0 - 20\">0 - 20<\/option><option value=\"20 - 40\">20 - 40<\/option><option value=\"40 - 60\">40 - 60<\/option><option value=\"60 - 80\">60 - 80<\/option><option value=\"80 - 100\">80 - 100<\/option><\/select><\/span><br \/>\n<\/label><label> Raporlar\u0131n Anla\u015f\u0131l\u0131rl\u0131\u011f\u0131 Ve \u0130\u00e7eri\u011fi*<br \/>\n<span class=\"wpcf7-form-control-wrap\" data-name=\"rapor-anlasilirligi\"><select class=\"wpcf7-form-control wpcf7-select wpcf7-validates-as-required\" aria-required=\"true\" aria-invalid=\"false\" name=\"rapor-anlasilirligi\"><option value=\"\">Puanlama Se\u00e7in<\/option><option value=\"0 - 20\">0 - 20<\/option><option value=\"20 - 40\">20 - 40<\/option><option value=\"40 - 60\">40 - 60<\/option><option value=\"60 - 80\">60 - 80<\/option><option value=\"80 - 100\">80 - 100<\/option><\/select><\/span><br \/>\n<\/label>\n\t\t\t<\/p>\n\t\t<\/td>\n\t<\/tr>\n<\/table>\n<h6 style=\"color:#e26d09\">MEMNUN\u0130YET\n<\/h6>\n<p><label> Yap\u0131lan Hizmetten Genel Olarak Memnuniyet*<br \/>\n<span class=\"wpcf7-form-control-wrap\" data-name=\"genel-memnuniyet\"><select class=\"wpcf7-form-control wpcf7-select wpcf7-validates-as-required\" aria-required=\"true\" aria-invalid=\"false\" name=\"genel-memnuniyet\"><option value=\"\">Puanlama Se\u00e7in<\/option><option value=\"0 - 20\">0 - 20<\/option><option value=\"20 - 40\">20 - 40<\/option><option value=\"40 - 60\">40 - 60<\/option><option value=\"60 - 80\">60 - 80<\/option><option value=\"80 - 100\">80 - 100<\/option><\/select><\/span><br \/>\n<\/label><label> Firmam\u0131z\u0131 Ba\u015fkalar\u0131na Tavsiye Etme Durumu*<br \/>\n<span class=\"wpcf7-form-control-wrap\" data-name=\"tavsiye-etme-durum\"><select class=\"wpcf7-form-control wpcf7-select wpcf7-validates-as-required\" aria-required=\"true\" aria-invalid=\"false\" name=\"tavsiye-etme-durum\"><option value=\"\">Puanlama Se\u00e7in<\/option><option value=\"0 - 20\">0 - 20<\/option><option value=\"20 - 40\">20 - 40<\/option><option value=\"40 - 60\">40 - 60<\/option><option value=\"60 - 80\">60 - 80<\/option><option value=\"80 - 100\">80 - 100<\/option><\/select><\/span><br \/>\n<\/label><label> Firmam\u0131za Nas\u0131l Ula\u015ft\u0131n\u0131z?*<br \/>\n<span class=\"wpcf7-form-control-wrap\" data-name=\"firmamiza-nasil-ulastiniz\"><span class=\"wpcf7-form-control wpcf7-radio\"><span class=\"wpcf7-list-item first\"><label><input type=\"radio\" name=\"firmamiza-nasil-ulastiniz\" value=\"\u0130nternet\" \/><span class=\"wpcf7-list-item-label\">\u0130nternet<\/span><\/label><\/span><span class=\"wpcf7-list-item\"><label><input type=\"radio\" name=\"firmamiza-nasil-ulastiniz\" value=\"Tavsiye\" \/><span class=\"wpcf7-list-item-label\">Tavsiye<\/span><\/label><\/span><span class=\"wpcf7-list-item\"><label><input type=\"radio\" name=\"firmamiza-nasil-ulastiniz\" value=\"Tan\u0131t\u0131c\u0131 \u00dcr\u00fcnler(Bro\u015f\u00fcr, Kalem,Ajanda vb.)\" \/><span class=\"wpcf7-list-item-label\">Tan\u0131t\u0131c\u0131 \u00dcr\u00fcnler(Bro\u015f\u00fcr, Kalem,Ajanda vb.)<\/span><\/label><\/span><span class=\"wpcf7-list-item last\"><label><input type=\"radio\" name=\"firmamiza-nasil-ulastiniz\" value=\"Kar\u015f\u0131l\u0131kl\u0131 G\u00f6r\u00fc\u015fme\" \/><span class=\"wpcf7-list-item-label\">Kar\u015f\u0131l\u0131kl\u0131 G\u00f6r\u00fc\u015fme<\/span><\/label><\/span><\/span><\/span><\/label>\n<\/p>\n<p><label> Sizlere Daha \u0130yi Hizmet Verebilmemiz \u0130\u00e7in L\u00fctfen G\u00f6r\u00fc\u015f Ve \u00d6nerilerinizi Bizimle Payla\u015f\u0131n\u0131z<br \/>\n<span class=\"wpcf7-form-control-wrap\" data-name=\"gorus-oneri\"><textarea cols=\"40\" rows=\"10\" maxlength=\"2000\" class=\"wpcf7-form-control wpcf7-textarea\" aria-invalid=\"false\" name=\"gorus-oneri\"><\/textarea><\/span> <\/label>\n<\/p>\n<p><input class=\"wpcf7-form-control wpcf7-submit has-spinner\" type=\"submit\" value=\"G\u00f6nder\" \/>\n<\/p><div class=\"wpcf7-response-output\" aria-hidden=\"true\"><\/div>\n<\/form>\n<\/div>\n<\/div><\/div><\/div><\/div><\/div><\/div><\/div><!-- cell_inner --><\/div><!-- cell --><\/div><!-- port --><\/section><section id=\"bt_bb_section6a01dbf0f369c\" class=\"bt_bb_section bt_bb_layout_boxed_1200\"  data-bt-override-class=\"null\"><div class=\"bt_bb_port\"><div class=\"bt_bb_cell\"><div class=\"bt_bb_cell_inner\"><\/div><!-- cell_inner --><\/div><!-- cell --><\/div><!-- port --><\/section><\/p>\n","protected":false},"excerpt":{"rendered":"","protected":false},"author":1,"featured_media":0,"parent":0,"menu_order":0,"comment_status":"closed","ping_status":"closed","template":"","meta":{"footnotes":""},"class_list":["post-2839","page","type-page","status-publish","hentry"],"_links":{"self":[{"href":"https:\/\/artibilgisayar.net\/dngtest\/wp-json\/wp\/v2\/pages\/2839","targetHints":{"allow":["GET"]}}],"collection":[{"href":"https:\/\/artibilgisayar.net\/dngtest\/wp-json\/wp\/v2\/pages"}],"about":[{"href":"https:\/\/artibilgisayar.net\/dngtest\/wp-json\/wp\/v2\/types\/page"}],"author":[{"embeddable":true,"href":"https:\/\/artibilgisayar.net\/dngtest\/wp-json\/wp\/v2\/users\/1"}],"replies":[{"embeddable":true,"href":"https:\/\/artibilgisayar.net\/dngtest\/wp-json\/wp\/v2\/comments?post=2839"}],"version-history":[{"count":3,"href":"https:\/\/artibilgisayar.net\/dngtest\/wp-json\/wp\/v2\/pages\/2839\/revisions"}],"predecessor-version":[{"id":2843,"href":"https:\/\/artibilgisayar.net\/dngtest\/wp-json\/wp\/v2\/pages\/2839\/revisions\/2843"}],"wp:attachment":[{"href":"https:\/\/artibilgisayar.net\/dngtest\/wp-json\/wp\/v2\/media?parent=2839"}],"curies":[{"name":"wp","href":"https:\/\/api.w.org\/{rel}","templated":true}]}}