{"id":110,"date":"2019-04-01T08:51:02","date_gmt":"2019-04-01T08:51:02","guid":{"rendered":"http:\/\/avantage.bold-themes.com\/marketing\/?page_id=110"},"modified":"2026-03-17T22:35:16","modified_gmt":"2026-03-17T19:35:16","slug":"emisyon-olcumleri","status":"publish","type":"page","link":"https:\/\/artibilgisayar.net\/dngtest\/emisyon-olcumleri\/","title":{"rendered":"Emisyon \u00d6l\u00e7\u00fcmleri"},"content":{"rendered":"<section data-bb-version=\"5.5.7\" id=\"bt_bb_section6a01cbc182764\" class=\"bt_bb_section bt_bb_layout_boxed_1200 bt_bb_vertical_align_top bt_bb_background_overlay_light_solid bt_bb_top_spacing_extra_large bt_bb_bottom_spacing_large\"  data-bt-override-class=\"{&quot;bt_bb_top_spacing_&quot;:{&quot;current_class&quot;:&quot;bt_bb_top_spacing_extra_large&quot;,&quot;def&quot;:&quot;extra_large&quot;},&quot;bt_bb_bottom_spacing_&quot;:{&quot;current_class&quot;:&quot;bt_bb_bottom_spacing_large&quot;,&quot;def&quot;:&quot;large&quot;},&quot;bt_bb_animation_&quot;:{&quot;current_class&quot;:&quot;bt_bb_animation_no_animation&quot;,&quot;def&quot;:&quot;no_animation&quot;}}\"><div class=\"bt_bb_background_image_holder_wrapper\"><div class=\"bt_bb_background_image_holder btLazyLoadBackground\"  data-background_image_src=\"https:\/\/artibilgisayar.net\/dngtest\/wp-content\/uploads\/2019\/04\/bgn-industries.png\" data-parallax-zoom-start=\"1\" data-parallax-zoom-end=\"1\" data-parallax-blur-start=\"0\" data-parallax-blur-end=\"0\" data-parallax-opacity-start=\"1\" data-parallax-opacity-end=\"1\" style=\" background-image: url(&#039;https:\/\/artibilgisayar.net\/dngtest\/wp-content\/plugins\/bold-page-builder\/img\/blank.gif&#039;);\"><\/div><\/div><div class=\"bt_bb_port\"><div class=\"bt_bb_cell\"><div class=\"bt_bb_cell_inner\"><div class=\"bt_bb_row \"  data-bt-override-class=\"{}\"><div class=\"bt_bb_row_holder\" ><div  class=\"bt_bb_column col-xxl-12 col-xl-12 col-xs-12 col-sm-12 col-md-12 col-lg-12 bt_bb_vertical_align_top bt_bb_align_left bt_bb_padding_normal bt_bb_animation_fade_in animate\" style=\"; --column-width:12;\" data-width=\"12\" data-bt-override-class=\"{}\"><div class=\"bt_bb_column_content\"><div class=\"bt_bb_column_content_inner\"><header data-bb-version=\"5.6.9\" class=\"bt_bb_headline bt_bb_subheadline_font_weight_bold bt_bb_dash_top bt_bb_superheadline bt_bb_superheadline_outside bt_bb_size_large bt_bb_align_inherit\" data-bt-override-class=\"{&quot;bt_bb_size_&quot;:{&quot;current_class&quot;:&quot;bt_bb_size_large&quot;,&quot;def&quot;:&quot;large&quot;},&quot;bt_bb_align_&quot;:{&quot;current_class&quot;:&quot;bt_bb_align_inherit&quot;,&quot;def&quot;:&quot;inherit&quot;},&quot;bt_bb_animation_&quot;:{&quot;current_class&quot;:&quot;bt_bb_animation_no_animation&quot;,&quot;def&quot;:&quot;no_animation&quot;}}\"><div class=\"bt_bb_headline_superheadline_outside\"><span class=\"bt_bb_headline_superheadline\">Hizmetlerimiz<\/span><\/div><h3 class=\"bt_bb_headline_tag\"><span class=\"bt_bb_headline_content\"><span><b>Emisyon <\/b><u>\u00d6l\u00e7\u00fcmleri<\/u><br \/><br \/>\n<\/span><\/span><\/h3><\/header><div data-bb-version=\"5.6.9\" class=\"bt_bb_separator bt_bb_border_style_none bt_bb_top_spacing_small bt_bb_bottom_spacing_small\" data-bt-override-class=\"{&quot;bt_bb_top_spacing_&quot;:{&quot;current_class&quot;:&quot;bt_bb_top_spacing_small&quot;,&quot;def&quot;:&quot;small&quot;},&quot;bt_bb_bottom_spacing_&quot;:{&quot;current_class&quot;:&quot;bt_bb_bottom_spacing_small&quot;,&quot;def&quot;:&quot;small&quot;}}\"><\/div><\/div><\/div><\/div><\/div><\/div><div class=\"bt_bb_row \"  data-bt-override-class=\"{}\"><div class=\"bt_bb_row_holder\" ><div  class=\"bt_bb_column col-xxl-6 col-xl-6 col-xs-12 col-sm-6 col-md-6 col-lg-6 bt_bb_vertical_align_top bt_bb_align_left bt_bb_padding_normal bt_bb_animation_fade_in animate\" style=\"; --column-width:6;\" data-width=\"6\" data-bt-override-class=\"{}\"><div class=\"bt_bb_column_content\"><div class=\"bt_bb_column_content_inner\"><div data-bb-version=\"5.5.7\"  class=\"bt_bb_text\" ><\/p>\n<p>Emisyon, sanayi tesislerinin \u00e7e\u015fitli faaliyetlerini ger\u00e7ekle\u015ftirmeleri esnas\u0131nda kulland\u0131klar\u0131 yak\u0131tlardan veya faaliyetleri esnas\u0131nda yapt\u0131klar\u0131 i\u015fler ve i\u015flemlerde dolay\u0131 olu\u015fan kirliliklerdir.<\/p>\n<p>Bu kirliliklerin \u00e7o\u011funlu\u011fu yakma sonucu ger\u00e7ekle\u015fir, yakmada kat\u0131 s\u0131v\u0131 veya gaz formunda olan yak\u0131tlar kullan\u0131l\u0131r. Bu yak\u0131tlarla faaliyet sonras\u0131 bacadan \u00e7\u0131kan gaza EM\u0130SYON\u2019a neden olur.<\/p>\n<p>* Sanayi Kaynakl\u0131 Hava Kirlili\u011finin Kontrol\u00fc Y\u00f6netmeli\u011fi<br \/>* Is\u0131nmadan Kaynakl\u0131 Hava Kirlili\u011finin Kontrol\u00fc Y\u00f6netmeli\u011fi<\/p>\n<p>\u0130\u015fletmelerin yasal y\u00fck\u00fcml\u00fcl\u00fckleri gere\u011fi belirtilen\u00a0 faaliyetler sonucunda \u00e7evreye Zararl\u0131 gaz vermediklerini ispatlamak zorundad\u0131r. Bu \u00e7al\u0131\u015fmay\u0131 belgelemek i\u00e7in \u00c7evre ve \u015eehircilik Bakanl\u0131\u011f\u0131\u2019ndan yetki alm\u0131\u015f ve T\u00dcRKAK taraf\u0131ndan akredite olmu\u015f laboratuvarlara \u00f6l\u00e7\u00fcm yapt\u0131rmak zorundad\u0131rlar.<\/p>\n<p>\n<\/div><\/div><\/div><\/div><div data-bb-version=\"5.6.9\"  class=\"bt_bb_column col-xxl-6 col-xl-6 col-xs-12 col-sm-6 col-md-6 col-lg-6 bt_bb_vertical_align_top bt_bb_align_left bt_bb_padding_normal\" style=\"; --column-width:6;\" data-width=\"6\" data-bt-override-class=\"{}\"><div class=\"bt_bb_column_content\"><div class=\"bt_bb_column_content_inner\"><div data-bb-version=\"5.6.9\" class=\"bt_bb_image bt_bb_shape_square bt_bb_target_self bt_bb_align_inherit bt_bb_hover_style_simple bt_bb_content_display_always bt_bb_content_align_middle bt_bb_top_negative_margin_none bt_bb_bottom_negative_margin_none bt_bb_right_negative_margin_none bt_bb_left_negative_margin_none bt_bb_fill_background_color_full\" data-bt-override-class=\"{&quot;bt_bb_align_&quot;:{&quot;current_class&quot;:&quot;bt_bb_align_inherit&quot;,&quot;def&quot;:&quot;inherit&quot;},&quot;bt_bb_content_display_&quot;:{&quot;current_class&quot;:&quot;bt_bb_content_display_always&quot;,&quot;def&quot;:&quot;always&quot;},&quot;bt_bb_top_negative_margin_&quot;:{&quot;current_class&quot;:&quot;bt_bb_top_negative_margin_none&quot;,&quot;def&quot;:&quot;none&quot;},&quot;bt_bb_bottom_negative_margin_&quot;:{&quot;current_class&quot;:&quot;bt_bb_bottom_negative_margin_none&quot;,&quot;def&quot;:&quot;none&quot;},&quot;bt_bb_right_negative_margin_&quot;:{&quot;current_class&quot;:&quot;bt_bb_right_negative_margin_none&quot;,&quot;def&quot;:&quot;none&quot;},&quot;bt_bb_left_negative_margin_&quot;:{&quot;current_class&quot;:&quot;bt_bb_left_negative_margin_none&quot;,&quot;def&quot;:&quot;none&quot;},&quot;bt_bb_animation_&quot;:{&quot;current_class&quot;:&quot;bt_bb_animation_no_animation&quot;,&quot;def&quot;:&quot;no_animation&quot;}}\"><span><img loading=\"lazy\" decoding=\"async\" width=\"1536\" height=\"768\" src=\"https:\/\/artibilgisayar.net\/dngtest\/wp-content\/uploads\/2026\/03\/emisyon.jpg\" class=\"attachment-full size-full\" alt=\"https:\/\/artibilgisayar.net\/dngtest\/wp-content\/uploads\/2026\/03\/emisyon.jpg\" data-full_image_src=\"https:\/\/artibilgisayar.net\/dngtest\/wp-content\/uploads\/2026\/03\/emisyon.jpg\" title=\"emisyon\" srcset=\"https:\/\/artibilgisayar.net\/dngtest\/wp-content\/uploads\/2026\/03\/emisyon.jpg 1536w, https:\/\/artibilgisayar.net\/dngtest\/wp-content\/uploads\/2026\/03\/emisyon-640x320.jpg 640w, https:\/\/artibilgisayar.net\/dngtest\/wp-content\/uploads\/2026\/03\/emisyon-1280x640.jpg 1280w, https:\/\/artibilgisayar.net\/dngtest\/wp-content\/uploads\/2026\/03\/emisyon-768x384.jpg 768w, https:\/\/artibilgisayar.net\/dngtest\/wp-content\/uploads\/2026\/03\/emisyon-320x160.jpg 320w\" sizes=\"auto, (max-width: 1536px) 100vw, 1536px\" \/><\/span><\/div><\/div><\/div><\/div><\/div><\/div><div class=\"bt_bb_row \"  data-bt-override-class=\"{}\"><div class=\"bt_bb_row_holder\" ><div  class=\"bt_bb_column col-xxl-12 col-xl-12 bt_bb_vertical_align_top bt_bb_align_left bt_bb_padding_normal bt_bb_animation_fade_in animate\" style=\"; --column-width:12;\" data-width=\"12\" data-bt-override-class=\"{}\"><div class=\"bt_bb_column_content\"><div class=\"bt_bb_column_content_inner\"><div data-bb-version=\"5.6.9\" class=\"bt_bb_separator bt_bb_border_style_solid bt_bb_top_spacing_medium bt_bb_bottom_spacing_medium\" style=\"; border-width: 2px\" data-bt-override-class=\"{&quot;bt_bb_top_spacing_&quot;:{&quot;current_class&quot;:&quot;bt_bb_top_spacing_medium&quot;,&quot;def&quot;:&quot;medium&quot;},&quot;bt_bb_bottom_spacing_&quot;:{&quot;current_class&quot;:&quot;bt_bb_bottom_spacing_medium&quot;,&quot;def&quot;:&quot;medium&quot;}}\"><\/div><div data-bb-version=\"5.5.7\"  class=\"bt_bb_text\" ><\/p>\n<h4>Bu ba\u011flamda DNG test \u00f6l\u00e7\u00fcm ve analiz laboratuvar\u0131 olarak;<\/h4>\n<ul>\n<li style=\"list-style-type: none;\">\n<ul>\n<li>Sabit Emisyon Kayna\u011f\u0131nda Yanma Gazlar\u0131 \u00d6l\u00e7\u00fcm\u00fc (CO, CO2, O2, SO2, NOx, NO, NO2)<\/li>\n<li>Sabit Emisyon Kayna\u011f\u0131ndaA\u011f\u0131r metal \u00d6rnekleme ve Analizi (Sb, As, Ba, Be, Cd, Cr, Co, Cu, Pb, Mn, Hg, Ni, Ag, Tl, Zn)<\/li>\n<li>Sabit Emisyon Kayna\u011f\u0131nda Partik\u00fcl Madde (Toz) \u00d6l\u00e7\u00fcm\u00fc<\/li>\n<li>Sabit Emisyon Kayna\u011f\u0131nda U\u00e7ucu Organik Bile\u015fikler (VOC) \u00d6rnekleme ve analizi<\/li>\n<li>Sabit Emisyon Kayna\u011f\u0131nda \u0130slilik Analizi<\/li>\n<li>Sabit Emisyon Kayna\u011f\u0131nda H\u0131z Tayini<\/li>\n<li>Sabit Emisyon Kayna\u011f\u0131nda Nem Y\u00fczdesi Belirlenmesi analizlerini ger\u00e7ekle\u015ftirmekteyiz.<\/li>\n<li>Sabit Emisyon Kayna\u011f\u0131nda \u0130norganik Klor (HCl) \u00f6l\u00e7\u00fcm\u00fc.<\/li>\n<li>Sabit Emisyon Kayna\u011f\u0131nda \u0130norganik Flor (F) \u00f6l\u00e7\u00fcm\u00fc.<\/li>\n<li>Sabit Emisyon Kayna\u011f\u0131nda \u0130norganik Toplam Organik Karbon (TOC) \u00d6l\u00e7\u00fcm\u00fc<\/li>\n<li>Sabit Emisyon Kayna\u011f\u0131nda\u00a0Formaldehit Tayini<\/li>\n<\/ul>\n<\/li>\n<\/ul>\n<p>\n<\/div><\/div><\/div><\/div><\/div><\/div><\/div><!-- cell_inner --><\/div><!-- cell --><\/div><!-- port --><\/section>\n","protected":false},"excerpt":{"rendered":"","protected":false},"author":2,"featured_media":0,"parent":0,"menu_order":0,"comment_status":"closed","ping_status":"closed","template":"","meta":{"footnotes":""},"class_list":["post-110","page","type-page","status-publish","hentry"],"_links":{"self":[{"href":"https:\/\/artibilgisayar.net\/dngtest\/wp-json\/wp\/v2\/pages\/110","targetHints":{"allow":["GET"]}}],"collection":[{"href":"https:\/\/artibilgisayar.net\/dngtest\/wp-json\/wp\/v2\/pages"}],"about":[{"href":"https:\/\/artibilgisayar.net\/dngtest\/wp-json\/wp\/v2\/types\/page"}],"author":[{"embeddable":true,"href":"https:\/\/artibilgisayar.net\/dngtest\/wp-json\/wp\/v2\/users\/2"}],"replies":[{"embeddable":true,"href":"https:\/\/artibilgisayar.net\/dngtest\/wp-json\/wp\/v2\/comments?post=110"}],"version-history":[{"count":23,"href":"https:\/\/artibilgisayar.net\/dngtest\/wp-json\/wp\/v2\/pages\/110\/revisions"}],"predecessor-version":[{"id":2905,"href":"https:\/\/artibilgisayar.net\/dngtest\/wp-json\/wp\/v2\/pages\/110\/revisions\/2905"}],"wp:attachment":[{"href":"https:\/\/artibilgisayar.net\/dngtest\/wp-json\/wp\/v2\/media?parent=110"}],"curies":[{"name":"wp","href":"https:\/\/api.w.org\/{rel}","templated":true}]}}